78698 (base 12) to base 14.
13192c
Convert -834aa3 (base 12) to base 10.
-2061339
1651637 (base 8) to base 5
110331114
-122101111101 (base 3) to base 14
-8ca34
101400431 (base 5) to base 10
418866
What is -26414755 (base 8) in base 13?
-12b9914
Convert 9bd26 (base 16) to base 2.
10011011110100100110
Convert 21683263 (base 9) to base 3.
201202210022010
8746 (base 16) to base 4
20131012
-c6c364 (base 13) to base 15
-61ddaa
Convert 185de (base 15) to base 12.
3983b
What is -33213222301 (base 4) in base 13?
-b04985
Convert 221323021 (base 4) to base 7.
1313434
Convert -31321013 (base 4) to base 5.
-3310103
What is 3346750 (base 8) in base 4?
3130313220
Convert 17393 (base 16) to base 10.
95123
4c7397 (base 16) to base 15
68e81c
What is 2287863 (base 10) in base 7?
25306104
What is -4114045 (base 7) in base 8?
-1677311
What is 21544362 (base 7) in base 8?
7060541
What is 2657877 (base 9) in base 5?
333041202
Convert -a0054 (base 11) to base 10.
-146469
222531513 (base 6) to base 2
1111011110001000100101
What is 44e8f (base 16) in base 5?
33013010
Convert 159a38 (base 11) to base 12.
bb27a
Convert cab0a (base 16) to base 3.
1120011211211
Convert -73112 (base 10) to base 12.
-36388
45605463 (base 7) to base 16
3ccf3f
What is 52188 (base 9) in base 14?
c78c
12513450 (base 6) to base 12
17b886
Convert 31221312013 (base 4) to base 15.
4aa7d1
Convert -1461962 (base 12) to base 2.
-1111101011001000011010
72852 (base 10) to base 4
101302110
120102221222211 (base 3) to base 12
28b9571
15a7182 (base 14) to base 4
220201111332
What is 22001212120 (base 3) in base 11?
a9370
Convert 122530 (base 16) to base 4.
10202110300
201012222333 (base 4) to base 3
121022220002100
Convert 10101110000110001101 (base 2) to base 6.
23141221
26253 (base 11) to base 4
21023000
What is 1199283 (base 11) in base 3?
10220111200120
What is -8bd55 (base 14) in base 4?
-1103002213
102321103 (base 4) to base 9
127144
What is 400330101 (base 5) in base 6?
53422000
Convert -21650 (base 13) to base 2.
-1110101111101110
21102431 (base 5) to base 6
3431514
What is -3306013 (base 7) in base 12?
-176764
What is 121384 (base 10) in base 7?
1013614
Convert -1677 (base 13) to base 12.
-1ab9
738591 (base 11) to base 2
100100000101110101001
Convert 10330300132 (base 4) to base 8.
4746036
57997 (base 10) to base 7
331042
7688e (base 16) to base 12
1b4b7a
What is 1829df (base 16) in base 3?
2222110021020
Convert -743277 (base 8) to base 10.
-247487
Convert -2033411342 (base 5) to base 11.
-240a182
Convert -10111000111101111 (base 2) to base 11.
-65174
2a35660 (base 13) to base 3
221100001120002
Convert 31233130 (base 4) to base 16.
dbdc
Convert 1797494 (base 10) to base 14.
34b0c6
What is 32641 (base 10) in base 12?
16a81
-101010100010111001001 (base 2) to base 9
-2554333
Convert 2020121310 (base 4) to base 5.
120334313
Convert -131034643 (base 7) to base 11.
-47a152a
-739529 (base 12) to base 13
-4b972c
What is -350a566 (base 11) in base 14?
-b59577
Convert -12625145 (base 7) to base 3.
-2012020211122
22305331 (base 6) to base 3
1021102122201
Convert -1222010022 (base 4) to base 5.
-102400232
Convert 824415 (base 9) to base 16.
77540
What is 24c2af (base 16) in base 15?
328c40
124d2 (base 15) to base 9
88178
What is -121310330110 (base 4) in base 14?
-c8351a
33513252 (base 6) to base 13
299789
a94522 (base 11) to base 6
101245400
What is 71962 (base 11) in base 16?
19a0f
Convert -1ba44a (base 12) to base 16.
-78cfa
What is 2346611 (base 8) in base 7?
5314002
Convert -68404 (base 12) to base 3.
-21001102111
-1411c1 (base 13) to base 11
-303761
What is -3215534 (base 6) in base 4?
-212212102
Convert -12303 (base 11) to base 12.
-a285
a90828 (base 12) to base 4
22031112200
Convert -3304167 (base 9) to base 7.
-21040360
What is -6005a (base 14) in base 11?
-148265
What is -11222101101220 (base 3) in base 6?
-132405510
146363 (base 7) to base 5
1404121
What is -95919 (base 12) in base 14?
-518d7
Convert 306918 (base 11) to base 5.
111222442
-73133536 (base 8) to base 13
-32a2265
What is -183744 (base 16) in base 12?
-6464b0
What is -dfac (base 16) in base 14?
-16c20
What is 34b35 (base 16) in base 12?
a4b05
Convert -7766030 (base 8) to base 6.
-112501240
Convert 1113023033 (base 4) to base 7.
3015011
What is -2002130020 (base 4) in base 12?
-219234
Convert 12010100 (base 3) to base 12.
21b3
Convert 145d0e (base 15) to base 7.
11226032
What is -6099a (base 11) in base 2?
-10101101111010100
What is -32123232312 (base 4) in base 11?
-2154752
-a852 (base 15) to base 11
-24849
12054545 (base 6) to base 9
640322
What is -1aa83 (base 16) in base 5?
-11443222
What is -1eee30 (base 15) in base 6?
-52314230
What is -342424423 (base 5) in base 10?
-1529988
What is -3aa54a7 (base 11) in base 15?
-94c68e
10211200 (base 4) to base 15
5874
Convert -2404a9 (base 11) to base 9.
-641002
What is 1001111011001101011 (base 2) in base 11?
202391
Convert 3111512 (base 7) to base 11.
235066
Convert -33032333 (base 5) to base 7.
-2260303
Convert 14733032 (base 8) to base 6.
200345334
Convert 10100111000000100 (base 2) to base 13.
2cbc7
-2537b (base 14) to base 16
-16471
Convert 2131111101 (base 4) to base 6.
21451253
Convert -14a750 (base 11) to base 16.
-39163
1338b0 (base 16) to base 3
2100222222102
What is -16952a (base 11) in base 8?
-776611
Convert 317151 (base 13) to base 12.
47a206
-ace9b1 (base 15) to base 12
-291a857
-460437 (base 9) to base 6
-5525224
Convert 135011 (base 10) to base 4.
200331203
What is -7bd640 (base 14) in base 2?
-10000000111010011111000
4b15ab (base 13) to base 16
1b811e
Convert 10011100110011100 (base 2) to base 8.
234634
Convert 123003011 (base 4) to base 13.
3b573
Convert -4cecb (base 16) to base 6.
-10430415
What is -166687a (base 11) in base 7?
-33044406
Convert 49aa2d (base 15) to base 6.
203350424
What is 3137260 (base 11) in base 12?
1a27996
Convert 1d950 (base 14) to base 16.
12892
50490 (base 12) to base 11
71457
-1aa842 (base 11) to base 12
-136275
What is -166535 (base 7) in base 14?
-c31c
What is 662100 (base 8) in base 7?
1614011
What is -221412233 (base 5) in base 3?
-1211002212211
What is -1aa4a0 (base 13) in base 9?
-1245308
Convert 211112425 (base 6) to base 11.
20a4526
201066316 (base 7) to base 12
3aa5b17
-504123 (base 10) to base 5
-112112443
What is 2231110321 (base 4) in base 14?
146a25
Convert 13010033133 (base 4) to base 11.
10557a5
Convert 6412455 (base 7) to base 10.
776445
What is -213003332322 (base 4) in base 12?
-3519a76
Convert -310650 (base 8) to base 10.
-102824
12223113 (base 6) to base 4
1133232111
What is 572557 (base 8) in base 6?
4053411
What is -1e1d60 (base 15) in base 10?
-1474515
Convert -2153554 (base 7) to base 15.
-5399d
What is -110121303132 (base 4) in base 12?
-195b2a6
Convert -20012011002102 (base 3) to base 5.
-1320240132
Convert -97703 (base 11) to base 8.
-425160
What is 5400036 (base 8) in base 16?
16001e
What is 1323210 (base 7) in base 4?
222132312
-487111 (base 10) to base 7
-4066102
Convert -12061512 (base 7) to base 4.
-10012022310
1122546 (base 7) to base 11
96396
1705c7 (base 14) to base 11
501a87
What is -1196a2 (base 12) in base 4?
-1011312122
-11100110101000110011100 (base 2) to base 15
-9e4407
What is -33392 (base 15) in base 7?
-1245446
Convert 2a3169 (base 16) to base 13.
75a7b9
Convert -33033124 (base 6) to base 10.
-984364
10001010111110001011100 (base 2) to base 5
2131210240
Convert -1001011001111001110100 (base 2) to base 6.
-124501512
1135551 (base 8) to base 16
4bb69
-27333774 (base 8) to base 13
-13707b7
Convert -104343243 (base 6) to base 11.
-1085131
Convert -1012002102 (base 3) to base 13.
-a856
What is 13010023 (base 4) in base 16?
710b
What is -113002103 (base 5) in base 10?
-515903
Convert 2260540 (base 7) to base 3.
112102000101
What is -175000 (base 10) in base 4?
-222232120
-181d3 (base 16) to base 10
-98771
Convert 33d10 (base 14) to base 9.
211806
Convert -111131040 (base 6) to base 7.
-23103465
23544455 (base 6) to base 2
10110101110111110011
-1102202210210 (base 3) to base 9
-1382723
What is -1199ad (base 14) in base 4?
-2103023211
-50819a (base 16) to base 13
-1129638
Convert -41061654 (base 7) to base 9.
-6402740
-327466 (base 11) to base 5
-113203213
Convert -171313 (base 9) to base 10.
-105960
Convert 